 0. Suppose -6*r - l*r = -179433. Is r a prime number?
True
Let o be (-1 - (4 + -6))/((-2)/254). Let p = -58 - o. Suppose -h + 344 = -p. Is h prime?
False
Is 2350/10*219 - (-5 + 1) prime?
False
Let o = -320 - -335. Suppose 0 = -3*b - 4*l + 68563, -17 + o = -2*l. Is b a prime number?
True
Suppose 2*c - 7*c + 2344 = -4*t, -3*c + 1172 = -2*t. Let w = t - -1017. Is w prime?
True
Let z(i) = i**2 - i - 15. Let k be z(-4). Is 43*149 - k*8/10 a prime number?
False
Is 1/((-19136272)/832012 - -23) prime?
True
Let f be 4/(-8)*-8*2. Suppose 73 = f*x + 2137. Let h = x + 1307. Is h a prime number?
True
Is 19455423/24 - ((-2)/(-32))/(60/(-360)) a prime number?
True
Suppose -5*y + 88097 = -3*q, -4*y = -8*y - 3*q + 70456. Suppose -4*d - 35237 = -4*m - 7*d, 3*d - y = -2*m. Is 8/(-28) - m/(-14) a composite number?
True
Let j(r) = -r**3 + 8*r**2 - 12*r + 9. Let t be j(6). Let n be ((-3)/t - 3)/((-4)/(-12)). Is (0 - -199*2)*(-5)/n a prime number?
True
Is 1501742/4 + -40*19/304 prime?
False
Is (-2605700)/(-40) - 77/14 a composite number?
True
Suppose -4*q + s + 18817 = 0, -18*q + s = -23*q + 23510. Is q composite?
False
Is (-38294)/(-123)*1515/10 prime?
False
Suppose 10*w = 13*w - 12. Suppose b + 13017 = w*b. Is b a prime number?
True
Let j(s) = -768*s**2 + 11*s + 53. Let w be j(-4). Let f = w - -18898. Is f composite?
False
Let k be (-1)/5 + (1 - (-46)/5). Is (-132)/k*5/(-2) composite?
True
Let y = 5521 + -244. Is (y/6)/((-1)/(-2)) a prime number?
True
Suppose 36949 = 45*f - 34*f. Is f prime?
True
Suppose 3*c + 803556 = 3*z, -2*z + 8*c - 7*c = -535711. Is z prime?
False
Let n(z) = -9523*z + 10. Let f be 4 + (-25)/5*(-1 + 2). Is n(f) a composite number?
False
Let i(r) = -8780*r**3 + 4*r**2 + 32*r + 91. Is i(-3) a composite number?
False
Let c be 45/(-75) - 74/10. Let q(j) = -1191*j - 1. Is q(c) prime?
False
Suppose -46*x + 49*x + 5*o + 31 = 0, -4*x = 2*o + 46. Is 3308 - (-18)/x*2 a composite number?
True
Let j = 11726 - 6465. Is j a composite number?
False
Let m(q) = 551*q + 17. Let w be m(9). Let x = -3343 + w. Is x prime?
False
Suppose 0 = -16*z - 29*z + 2109105. Suppose -c - z = -18*c. Is c a prime number?
False
Let l be (-6 - 11/((-66)/24))/2. Let a(f) = -844*f - 1735*f + 3 - 3. Is a(l) a composite number?
False
Suppose -134*y = 3*v - 136*y - 240795, -v - 4*y = -80293. Is v a composite number?
True
Suppose 1103 + 604 = 3*a. Let o = a - 298. Suppose 5*z - o = 474. Is z composite?
False
Let w(j) = j**3 - 4*j**2 + j + 7. Let f be w(7). Let v = -94 + f. Let p = 722 + v. Is p a prime number?
False
Let t be ((-7)/(-14))/((-2)/(-56)). Suppose 0 = -5*h + 7*h - t. Suppose -1258 = h*g - 4604. Is g a composite number?
True
Is (-1)/((-14)/6919488) - (-171)/(-1197) composite?
True
Let o(k) = 5*k**2 - 19*k - 31. Suppose -4*z + 37 = 5. Let w(c) = -c**2 + 4*c + 10. Let g be w(z). Is o(g) a prime number?
False
Let d(u) be the third derivative of 7*u**5/60 + u**4/8 + u**3/6 + 66*u**2. Let t(a) = -2*a**2 + a. Let h be t(2). Is d(h) a composite number?
True
Let r = 500872 - 176591. Is r prime?
False
Suppose 0 = 203*a - 214*a + 1266529. Is a a prime number?
False
Let z be -6982 + 120/20*2/4. Is (z/(-14))/((2/4)/1) a prime number?
True
Let d(n) = 2634*n + 10. Let o(x) = -527*x - 2. Let q(j) = -2*d(j) - 11*o(j). Let z be q(4). Is (z/(-12))/((3/10)/(-3)) composite?
True
Let n(k) = 4*k + 3. Let x(m) = 5*m + 45. Let s be x(-9). Let b be n(s). Suppose -5*c = 2*r - 1288, -b*c + 1264 = 2*r - 4*c. Is r composite?
True
Let b(p) be the first derivative of -p**4/4 - 25*p**3/3 + 71*p**2/2 - 44*p + 128. Is b(-31) prime?
False
Suppose 13810 = 2*u - 3*k + 4684, -2*k = -5*u + 22804. Suppose -u = -5*h - 0*v + 5*v, -2 = v. Suppose 0 = 7*f - h + 336. Is f prime?
False
Suppose 0 = -5*z - 10, -30 = 2*g + 2*z + z. Is (11242/g + 9/(-54))*-7 a prime number?
False
Let i(a) = 15*a - 77. Let d be i(4). Let y(b) = -797*b + 134. Is y(d) a composite number?
True
Suppose 7*r + 2553282 = 169*r. Is r a prime number?
True
Let n(f) be the second derivative of 2/3*f**3 + 6*f + 10*f**2 + 7/12*f**4 + 0. Is n(-9) composite?
True
Suppose -10*i + 118753639 = 66*i + 36691347. Is i a composite number?
True
Let d(t) = -121*t + 4. Let b be d(-5). Suppose -51 = r + 55. Let u = r + b. Is u a composite number?
False
Suppose -75*x + 272670 = 25845. Is x a prime number?
False
Let k(z) = 4*z**2 + 6*z - 27. Let x be k(5). Let y = 801 + x. Suppose y = 3*q - 1367. Is q prime?
True
Let h(c) = 2*c**2 - 19*c + 11. Let t be h(9). Let f be ((-34)/51)/(t/(-11523)). Let j = f + -2519. Is j a prime number?
False
Let d be 4/(-18) + (-51230)/(-45)*5. Suppose -4*l - d - 19 = -3*k, -l - 2 = 0. Is k composite?
False
Suppose 5*n + h = 159605, -5*n - 3*h + 45970 = -113635. Is n prime?
False
Let w = 16 + -12. Suppose -2*y + y = -3*p - 2, 3*y - 11 = w*p. Is (-5529)/(-9) + -3 + p/(-3) a composite number?
True
Let r(c) = -2*c**3 - 4*c**2 + 13*c + 24. Suppose 0 = 4*a - 2*x + 28, x + 12 = -2*x. Is r(a) composite?
True
Let i(v) = 158*v**2 - 5*v + 6. Let k = -62 - -73. Let n(o) = -79*o**2 + 3*o - 3. Let s(l) = k*n(l) + 6*i(l). Is s(-1) a prime number?
True
Let s(w) = 1263*w**2 + 3*w + 55. Is s(5) a prime number?
False
Suppose m - 904 = 5*o, 25 = -90*o + 95*o. Is m a prime number?
True
Let z be 7 + -1 + -2 + 1 + -2. Suppose -7*n + 6*n = z, -3*s = n - 10389. Suppose 2*c + u = 4360, -3*c + 3085 + s = -3*u. Is c composite?
True
Let c = -45 + 1822. Suppose -4*h = -2*b + 1698, c = 5*b - h - 2477. Is b a composite number?
True
Let o be 2579/((1/4)/((-7)/(-28))). Let d = -220 + 222. Suppose -5*u = 3*m - o, -3*m - d*m = -u + 527. Is u composite?
True
Let b = 500 + 66. Let g be -1*(1 + -2)*-169. Let z = b + g. Is z prime?
True
Let v = 183529 - 99174. Is v composite?
True
Suppose -3*x = -15, -5*x = -5*g + 4 + 1. Suppose -2*n - g*n + 72040 = 0. Is n a composite number?
True
Let v(p) = 400*p**3 + 40*p**2 - 202*p - 57. Is v(14) composite?
True
Let g be 1718/((186/775)/((-18)/(-10))). Let r be 3 - -1 - (-1)/(-1). Suppose 0 = r*b - 2934 - g. Is b a composite number?
False
Suppose -1978276 = -36*y + 462862 - 297734. Is y a composite number?
False
Let j = 36811 + -13968. Is j a prime number?
False
Let b = -26267 - -41118. Is b a composite number?
False
Suppose 2*r - 2*s = 350, -r - 2*s = -s - 175. Let p = 843 + -453. Let l = p + r. Is l prime?
False
Let m(t) = 23073*t - 199. Is m(2) composite?
True
Suppose 3*q + 6 + 0 = 0. Let x be 3/(28/8 + q). Suppose -2*l = -x*k - 1632, 4*k + k + 5 = 0. Is l prime?
False
Suppose -2992975 = -14*s - 444401. Is s prime?
True
Let g(z) = -5*z**3 - z - 13. Suppose -l + 4*x + 11 = 0, 10*x = 4*l + 6*x + 16. Is g(l) a prime number?
False
Let v = -6 - -9. Let h be (-29)/(-3) - v/(-9). Let i(w) = -w**3 + 10*w**2 + 10*w - 3. Is i(h) prime?
True
Let k be (-1546)/(-3) + 2/3. Let s = 1022 - k. Let t = s - 349. Is t a prime number?
True
Let b be (1/3 - (-1148)/21)*3. Suppose 0 = 172*g - b*g - 18053. Is g prime?
True
Let d(x) = 21121*x + 6496. Is d(15) prime?
False
Suppose -4*m - 5*l = -41493, -2*m + 4*l - 3*l = -20729. Is m composite?
True
Let j(i) = -17*i**2 + 1059*i + 73. Is j(51) composite?
True
Suppose -3*h = -3*t + 943302, -h + 708903 + 548808 = 4*t. Is t a composite number?
True
Suppose 0 = -7153*m + 7140*m + 3071393. Is m prime?
True
Let y(h) = -75*h - 1. Let b be y(6). Let i = -719 + -71. Let g = b - i. Is g a composite number?
True
Let o be 12/3 + (4 - 3) + -1. Suppose 0 = -2*w - 4*x + 16, o*x - 12 = -w + x. Suppose w = h - 50 - 173. Is h a composite number?
False
Let x(k) = -k**2 - 19*k + 92. Let b be x(4). Suppose -4*s - 11*s + 65865 = b. Is s a composite number?
False
Let a be (-9)/((-5)/2165*(-9)/(-6)). Suppose 0 = -5*f + 3*h - a, -4*f + 2*f + 2*h - 1040 = 0. Is (-7)/((-147)/70)*f/(-2) a composite number?
True
Let n be 8 + 10/((-50)/(-345)). Suppose 82*j - n*j = 57415. Is j a composite number?
False
Let n(s) = 1533*s**2 + 3*s + 14. Let d(t) = 1532*t**2 + 4*t + 13. Let z(x) = 6*d(x) - 5*n(x). Let o be z(-1). Let j = -417 + o. Is j composite?
False
Suppose -3*t + 17304 = -79872. Suppose 71*l - 79*l = -t. Is l composite?
False
Let a(y) = -423*y + 87. Suppose i = -z - 7, 12 + 29 = -3*i + z. Is a(i) prime?
False
Suppose 0 = 228*d - 227*d + 3*i - 29800, 0 = 4*d + 5*i - 119151. Is d a composite number?
True
Suppose -2*v - 3*w + 1513 = 2*v, -4*v